eatest common factor of 1518 and 4224?
66
What is the greatest common factor of 20 and 20?
20
Calculate the highest common divisor of 648 and 27.
27
What is the greatest common factor of 12 and 1578?
6
What is the highest common divisor of 18 and 34092?
18
Calculate the highest common factor of 435 and 15.
15
Calculate the greatest common factor of 4 and 2088.
4
What is the greatest common divisor of 153 and 102?
51
Calculate the highest common divisor of 238 and 686.
14
What is the greatest common factor of 8 and 24?
8
Calculate the greatest common divisor of 2214 and 82.
82
What is the greatest common factor of 640 and 20?
20
What is the greatest common divisor of 88 and 308?
44
What is the greatest common factor of 2451 and 114?
57
What is the greatest common factor of 4369 and 771?
257
What is the greatest common factor of 90 and 54?
18
Calculate the greatest common divisor of 78 and 6.
6
What is the greatest common divisor of 13 and 6487?
13
Calculate the highest common factor of 598 and 26.
26
What is the highest common factor of 76629 and 21?
21
What is the highest common factor of 28 and 22?
2
What is the highest common factor of 162 and 18?
18
Calculate the greatest common factor of 2 and 17.
1
What is the greatest common factor of 6365 and 10?
5
What is the greatest common factor of 8 and 2152?
8
What is the highest common factor of 10 and 230?
10
Calculate the highest common divisor of 279 and 6.
3
What is the greatest common factor of 28 and 322?
14
Calculate the highest common divisor of 3537 and 9.
9
What is the highest common factor of 177 and 33?
3
What is the greatest common divisor of 145 and 406?
29
Calculate the highest common divisor of 1313 and 26.
13
What is the highest common factor of 17 and 2?
1
Calculate the greatest common factor of 200 and 75.
25
What is the highest common factor of 31414 and 139?
139
What is the highest common divisor of 81 and 891?
81
What is the greatest common divisor of 1010 and 20?
10
Calculate the greatest common divisor of 112 and 63728.
112
What is the greatest common factor of 2976 and 384?
96
Calculate the greatest common divisor of 32 and 288.
32
What is the greatest common factor of 9 and 1719?
9
What is the greatest common divisor of 75 and 15?
15
What is the highest common divisor of 1 and 103?
1
Calculate the highest common divisor of 76 and 95.
19
Calculate the highest common factor of 176 and 220.
44
What is the greatest common factor of 518 and 784?
14
Calculate the greatest common factor of 12294 and 9.
9
Calculate the greatest common factor of 1946 and 14.
14
What is the greatest common factor of 4693 and 104?
13
What is the highest common factor of 3852 and 72?
36
Calculate the greatest common divisor of 36 and 3123.
9
Calculate the highest common divisor of 1312 and 544.
32
What is the greatest common factor of 7428 and 12?
12
Calculate the greatest common divisor of 38 and 38.
38
Calculate the highest common factor of 13 and 299.
13
Calculate the highest common factor of 124 and 4.
4
Calculate the highest common factor of 5 and 845.
5
What is the highest common factor of 138 and 115?
23
What is the highest common divisor of 111 and 14023?
37
What is the highest common divisor of 16 and 176?
16
What is the highest common factor of 18 and 12?
6
Calculate the greatest common factor of 92 and 253.
23
Calculate the highest common factor of 430 and 10.
10
Calculate the greatest common factor of 624 and 234.
78
What is the greatest common divisor of 693 and 539?
77
What is the highest common divisor of 585 and 650?
65
Calculate the highest common factor of 2002 and 1716.
286
Calculate the greatest common divisor of 323 and 152.
19
Calculate the greatest common factor of 57 and 1159.
19
What is the greatest common divisor of 2849 and 11?
11
What is the highest common divisor of 115 and 437?
23
What is the highest common divisor of 35 and 60?
5
Calculate the highest common divisor of 476 and 221.
17
What is the greatest common factor of 170 and 970?
10
Calculate the greatest common divisor of 21 and 3241.
7
Calculate the highest common divisor of 1463 and 57.
19
Calculate the highest common divisor of 7 and 35.
7
What is the highest common divisor of 4 and 76?
4
What is the greatest common factor of 469 and 1072?
67
What is the greatest common factor of 527 and 651?
31
Calculate the highest common factor of 14 and 1372.
14
Calculate the greatest common divisor of 1014 and 6.
6
Calculate the greatest common factor of 39 and 26.
13
Calculate the greatest common factor of 1463 and 1232.
77
Calculate the highest common factor of 42 and 98.
14
What is the highest common divisor of 27331 and 151?
151
Calculate the greatest common divisor of 700 and 28.
28
Calculate the highest common factor of 279 and 93.
93
Calculate the highest common factor of 49 and 55321.
49
Calculate the highest common divisor of 51 and 1173.
51
What is the greatest common factor of 5491 and 51?
17
Calculate the greatest common divisor of 51 and 8517.
51
Calculate the greatest common divisor of 12028 and 248.
124
What is the highest common divisor of 16 and 656?
16
What is the highest common divisor of 1848 and 1512?
168
Calculate the greatest common factor of 16152 and 120.
24
Calculate the highest common divisor of 10 and 155.
5
What is the highest common divisor of 17 and 4709?
17
Calculate the highest common factor of 427 and 122.
61
What is the highest common factor of 26 and 5993?
13
Calculate the greatest common factor of 1800 and 1575.
225
Calculate the greatest common divisor of 32412 and 73.
73
Calculate the highest common factor of 342 and 36.
18
Calculate the highest common factor of 722 and 5700.
38
What is the highest common factor of 112 and 1512?
56
Calculate the greatest common factor of 12142 and 52.
26
What is the greatest common divisor of 632 and 104?
8
Calculate the highest common divisor of 294 and 42.
42
What is the highest common factor of 174 and 6?
6
Calculate the greatest common divisor of 75 and 60.
15
What is the highest common factor of 40 and 896?
8
What is the highest common divisor of 47 and 141?
47
What is the greatest common divisor of 90 and 3942?
18
Calculate the highest common factor of 174 and 27057.
87
What is the greatest common factor of 123 and 18573?
123
What is the highest common divisor of 216 and 2400?
24
Calculate the highest common factor of 174 and 888.
6
Calculate the greatest common divisor of 69 and 253.
23
Calculate the greatest common divisor of 438 and 30.
6
What is the greatest common factor of 513 and 285?
57
What is the greatest common factor of 1190 and 153?
17
Calculate the greatest common divisor of 48 and 36.
12
Calculate the highest common divisor of 1525 and 61.
61
What is the highest common factor of 1134 and 42?
42
Calculate the highest common factor of 1130 and 3616.
226
Calculate the highest common divisor of 1 and 49.
1
What is the greatest common divisor of 150 and 20?
10
Calculate the greatest common factor of 7 and 511.
7
Calculate the highest common divisor of 85 and 5185.
85
What is the highest common divisor of 3601 and 26?
13
Calculate the greatest common factor of 6936 and 168.
24
What is the greatest common divisor of 9 and 207?
9
What is the greatest common divisor of 559 and 129?
43
What is the greatest common divisor of 17699 and 11?
11
Calculate the greatest common divisor of 76 and 19.
19
What is the greatest common factor of 230 and 18?
2
What is the greatest common factor of 756 and 8208?
108
Calculate the highest common factor of 3 and 869.
1
Calculate the highest common divisor of 1 and 71.
1
Calculate the greatest common divisor of 105 and 1875.
15
What is the greatest common factor of 1024 and 184?
8
Calculate the highest common divisor of 40 and 180.
20
What is the highest common factor of 480 and 1020?
60
What is the highest common factor of 10140 and 130?
130
What is the highest common factor of 181 and 18643?
181
Calculate the highest common divisor of 44 and 154.
22
What is the greatest common divisor of 14 and 140?
14
Calculate the highest common divisor of 1445 and 34.
17
Calculate the greatest common factor of 72 and 639.
9
What is the highest common factor of 14456 and 520?
104
What is the greatest common factor o